5 is divided by 64.
57
Calculate the remainder when 27055 is divided by 44.
39
What is the remainder when 614 is divided by 105?
89
Calculate the remainder when 2679 is divided by 67.
66
Calculate the remainder when 118 is divided by 60.
58
What is the remainder when 767 is divided by 377?
13
What is the remainder when 884 is divided by 223?
215
What is the remainder when 317 is divided by 36?
29
What is the remainder when 284 is divided by 99?
86
Calculate the remainder when 1424 is divided by 15.
14
What is the remainder when 262 is divided by 83?
13
What is the remainder when 283 is divided by 44?
19
What is the remainder when 34 is divided by 19?
15
Calculate the remainder when 2354 is divided by 4.
2
Calculate the remainder when 5 is divided by 2.
1
What is the remainder when 312 is divided by 101?
9
Calculate the remainder when 1096 is divided by 38.
32
Calculate the remainder when 182 is divided by 19.
11
Calculate the remainder when 2195 is divided by 183.
182
What is the remainder when 15842 is divided by 5278?
8
What is the remainder when 301 is divided by 89?
34
Calculate the remainder when 2251 is divided by 2220.
31
Calculate the remainder when 1307 is divided by 77.
75
What is the remainder when 272 is divided by 14?
6
Calculate the remainder when 184 is divided by 47.
43
Calculate the remainder when 606 is divided by 58.
26
Calculate the remainder when 813 is divided by 4.
1
Calculate the remainder when 905 is divided by 60.
5
Calculate the remainder when 324 is divided by 215.
109
Calculate the remainder when 2806 is divided by 8.
6
Calculate the remainder when 53 is divided by 21.
11
Calculate the remainder when 73 is divided by 15.
13
What is the remainder when 264 is divided by 14?
12
Calculate the remainder when 832 is divided by 38.
34
What is the remainder when 22123 is divided by 15?
13
Calculate the remainder when 1213 is divided by 370.
103
What is the remainder when 2637 is divided by 55?
52
What is the remainder when 1950 is divided by 40?
30
Calculate the remainder when 576 is divided by 10.
6
What is the remainder when 482 is divided by 144?
50
What is the remainder when 3101 is divided by 107?
105
Calculate the remainder when 1660 is divided by 546.
22
What is the remainder when 89 is divided by 43?
3
What is the remainder when 209 is divided by 72?
65
Calculate the remainder when 46 is divided by 35.
11
Calculate the remainder when 277 is divided by 167.
110
What is the remainder when 185 is divided by 61?
2
Calculate the remainder when 2980 is divided by 981.
37
Calculate the remainder when 242 is divided by 84.
74
What is the remainder when 25 is divided by 14?
11
Calculate the remainder when 3510 is divided by 93.
69
What is the remainder when 12658 is divided by 4216?
10
Calculate the remainder when 525 is divided by 64.
13
What is the remainder when 2778 is divided by 70?
48
Calculate the remainder when 7823 is divided by 90.
83
What is the remainder when 262 is divided by 11?
9
What is the remainder when 1033 is divided by 79?
6
Calculate the remainder when 2572 is divided by 14.
10
What is the remainder when 462 is divided by 45?
12
What is the remainder when 277 is divided by 18?
7
Calculate the remainder when 88 is divided by 68.
20
What is the remainder when 2907 is divided by 97?
94
What is the remainder when 3900 is divided by 64?
60
What is the remainder when 170 is divided by 117?
53
What is the remainder when 746 is divided by 190?
176
What is the remainder when 32381 is divided by 18?
17
Calculate the remainder when 1941 is divided by 8.
5
What is the remainder when 445 is divided by 14?
11
Calculate the remainder when 962 is divided by 123.
101
Calculate the remainder when 1712 is divided by 59.
1
Calculate the remainder when 481 is divided by 472.
9
What is the remainder when 2891 is divided by 1433?
25
Calculate the remainder when 131 is divided by 33.
32
What is the remainder when 429 is divided by 29?
23
What is the remainder when 960 is divided by 74?
72
What is the remainder when 194 is divided by 70?
54
Calculate the remainder when 32 is divided by 18.
14
Calculate the remainder when 1752 is divided by 218.
8
What is the remainder when 148 is divided by 130?
18
Calculate the remainder when 303 is divided by 39.
30
What is the remainder when 1888 is divided by 629?
1
Calculate the remainder when 9175 is divided by 20.
15
What is the remainder when 2814 is divided by 8?
6
Calculate the remainder when 1622 is divided by 402.
14
What is the remainder when 526 is divided by 106?
102
Calculate the remainder when 787 is divided by 787.
0
What is the remainder when 283 is divided by 22?
19
What is the remainder when 203 is divided by 19?
13
What is the remainder when 329 is divided by 98?
35
Calculate the remainder when 9015 is divided by 18.
15
What is the remainder when 443 is divided by 25?
18
Calculate the remainder when 327 is divided by 19.
4
What is the remainder when 475 is divided by 236?
3
What is the remainder when 1424 is divided by 51?
47
Calculate the remainder when 957 is divided by 317.
6
What is the remainder when 233 is divided by 31?
16
Calculate the remainder when 174 is divided by 7.
6
Calculate the remainder when 13564 is divided by 6778.
8
What is the remainder when 144 is divided by 50?
44
What is the remainder when 112 is divided by 5?
2
Calculate the remainder when 1442 is divided by 50.
42
Calculate the remainder when 44 is divided by 33.
11
What is the remainder when 305 is divided by 82?
59
What is the remainder when 168 is divided by 86?
82
What is the remainder when 311 is divided by 45?
41
Calculate the remainder when 5641 is divided by 26.
25
Calculate the remainder when 9853 is divided by 73.
71
What is the remainder when 272 is divided by 28?
20
What is the remainder when 2622 is divided by 3?
0
Calculate the remainder when 578 is divided by 36.
2
What is the remainder when 55 is divided by 26?
3
Calculate the remainder when 4031 is divided by 36.
35
Calculate the remainder when 25 is divided by 3.
1
What is the remainder when 38112 is divided by 121?
118
Calculate the remainder when 3285 is divided by 56.
37
What is the remainder when 164 is divided by 87?
77
What is the remainder when 249 is divided by 149?
100
What is the remainder when 390 is divided by 237?
153
What is the remainder when 270 is divided by 92?
86
What is the remainder when 34 is divided by 2?
0
Calculate the remainder when 185 is divided by 100.
85
What is the remainder when 27 is divided by 7?
6
Calculate the remainder when 33 is divided by 22.
11
Calculate the remainder when 66798 is divided by 20.
18
What is the remainder when 733 is divided by 146?
3
Calculate the remainder when 239 is divided by 77.
8
What is the remainder when 4661 is divided by 126?
125
Calculate the remainder when 118 is divided by 5.
3
Calculate the remainder when 11842 is divided by 94.
92
Calculate the remainder when 1022 is divided by 29.
7
What is the remainder when 65 is divided by 39?
26
Calculate the remainder when 630 is divided by 53.
47
What is the remainder when 427 is divided by 43?
40
What is the remainder when 412 is divided by 46?
44
Calculate the remainder when 3551 is divided by 24.
23
Calculate the remainder when 2494 is divided by 64.
62
What is the remainder when 1060 is divided by 8?
4
What is the remainder when 3404 is divided by 48?
44
What is the remainder when 2206 is divided by 438?
16
What is the remainder when 179 is divided by 93?
86
Calculate the remainder when 92 is divided by 45.
2
Calculate the remainder when 11411 is divided by 101.
99
Calculate the remainder when 1642 is divided by 138.
124
What is the remainder when 1417 is divided by 5?
2
Calculate the remainder when 200 is divided by 35.
25
Calculate the remainder when 4223 is divided by 17.
7
Calculate the remainder when 424 is divided by 145.
134
What is the remainder when 38 is divided by 20?
18
What is the remainder when 696 is divided by 90?
66
Calculate the remainder when 474 is divided by 17.
15
Calculate the remainder when 401 is divided by 137.
127
What is the remainder when 2423 is divided by 243?
236
What is the remainder when 49 is divided by 16?
1
What is the remainder when 4552 is divided by 18?
16
What is the 